t v(l) = -l**3 - 5*l**2 - 7*l - 10. Let s be v(-5). What is the highest common factor of s and 10?
5
Let l(m) = 6*m**2 - 1. Let z be l(1). Suppose 0*k = 4*b + 5*k + z, 5 = -b - 5*k. Suppose b = 2*o - 0*o - 24. Calculate the greatest common divisor of o and 3.
3
Let z(h) = -4*h + 2*h + 3*h. Let j be z(2). Suppose -3*q = j*c - 0 - 26, 0 = 4*q + c - 38. Calculate the highest common factor of q and 90.
10
Suppose -24 = 3*u + 2*u - 2*n, -2*n - 12 = 4*u. Let z be ((-6)/u)/((-1)/(-30)). Let c = 5 - 0. Calculate the highest common divisor of c and z.
5
Let a be (-2 - -1)/((-12)/276). Calculate the greatest common factor of 184 and a.
23
Let k(h) = h**2 - 5*h + 5. Let c be k(5). Suppose s + 0*x - 28 = -c*x, 4*s = -2*x + 22. Calculate the greatest common divisor of 3 and s.
3
Let o be (-42)/(-3)*18/21. Calculate the highest common divisor of o and 30.
6
Let l = -1 + 8. Let c be -13 - -14 - -1*6. What is the highest common divisor of l and c?
7
Let k(a) = -5*a**2 - 2*a - 1. Let p be k(-1). Let t be (-2)/p + (-3)/(-6). What is the highest common divisor of t and 11?
1
Suppose -5*b + 19 = -6. Suppose -265 = -b*y + 5*r, -5*y + 4*r - 5*r + 289 = 0. What is the greatest common divisor of 19 and y?
19
Let s be 5/(-25) - (-41)/5. Let d(y) = y**3 - 8*y**2 + y. Let n be d(8). Calculate the greatest common factor of n and s.
8
Let y be (-6)/(-8) + -1 + 170/40. What is the highest common factor of 16 and y?
4
Suppose -5*x = -x - 20. Suppose x*b = b + 8. Let f(z) = 6*z - 1. Let n be f(b). Calculate the greatest common divisor of n and 11.
11
Suppose -2*h + 15 - 103 = 0. Let b = h + 64. What is the greatest common divisor of 5 and b?
5
Suppose 0*t + 117 = 3*t. Suppose b = -4*z + 25, 50 = 5*b - z - 4*z. What is the highest common factor of t and b?
13
Suppose 9 = 2*m + 1. Let t = m - -9. What is the highest common divisor of t and 13?
13
Let k = -55 - -85. Suppose 0 = -4*u - 2*l + k, -3*l = 4*u - 31 - 4. Calculate the greatest common factor of u and 35.
5
Let j = 4 + 3. Calculate the highest common divisor of j and 56.
7
Let c = 11 - 20. Let o be 1 - (-4)/((-12)/c). Suppose -3*n = -5*d + 516, -o*d + n = -2*n - 411. What is the highest common factor of 15 and d?
15
Suppose 4*s = 2*s + 10, -i + 4*s - 17 = 0. Suppose 4*y = i*y + 85. Calculate the highest common divisor of y and 34.
17
Let c(k) = 2*k. Let s(r) be the third derivative of r**5/60 - r**2. Let z(f) = c(f) + 3*s(f). Let m be z(2). Calculate the highest common divisor of m and 24.
8
Let x(t) be the first derivative of 0*t - 2 + 5/2*t**2. Let a be x(2). What is the highest common factor of a and 70?
10
Let s be (-3)/2*(-84)/3. Let k = 26 - -2. What is the greatest common factor of s and k?
14
Suppose 0 = -20*z + 23*z - 297. What is the highest common divisor of z and 9?
9
Let k(v) = -v**3 + 4*v**2 + 3*v - 5. Let p be k(4). Let o = 21 + -14. Calculate the highest common divisor of o and p.
7
Let h be (2/(-4))/(2/60). Let w = -7 - h. Let k = 3 - 1. Calculate the highest common factor of w and k.
2
Suppose -y = -4*a + y + 84, -3*a - 3*y + 72 = 0. Let r = 244 + -156. What is the greatest common factor of r and a?
22
Suppose -2*w - 12 = -3*w + 4*z, -2*z - 4 = 0. Let i(c) = 3*c + 4. Let o be i(w). What is the highest common factor of 2 and o?
2
Let q(k) = k**2 - k - 4. Let d be q(-3). Let v be (-1 - -2) + 0 - -1. What is the highest common divisor of v and d?
2
Let m = -1 + 0. Let i be 3/(-2)*(m + -1). Suppose -7*l + 18*l - 132 = 0. What is the greatest common factor of i and l?
3
Suppose -10*c + 252 = -4*c. What is the highest common divisor of 378 and c?
42
Let j(d) = -d**3 + 9*d**2 - 5*d + 2. Let k be j(5). Suppose 0*q = 2*q + 4. Let a = q + 13. Calculate the greatest common divisor of a and k.
11
Let b be 4/(12/(-3)) - -6. Suppose -1 = -n, n - 353 = -b*j + 363. Let x(p) = -3*p - 5. Let d be x(-6). What is the highest common divisor of d and j?
13
Let z be -60*(-2 + 70/(-25)). Calculate the highest common divisor of 36 and z.
36
Let j(k) = -k**3 + 4*k**2 - 2*k. Let f be j(3). Suppose -f*y + 9 = 3. Let q = 15 - 9. What is the highest common divisor of q and y?
2
Let b be (-2 - -4 - -1) + (-6)/(-2). What is the highest common divisor of 18 and b?
6
Suppose -3*k = -2*k - 3*w - 89, 5*k - w - 375 = 0. Let g = 164 - k. Suppose -1 - 9 = -f + 5*p, -2*f + 20 = -5*p. What is the highest common divisor of f and g?
10
Suppose -3 = -4*l + 9. Suppose -20 = -2*x - l*x. Suppose x*u - 63 = 5*b, b - 71 = u - 4*u. What is the highest common divisor of u and 2?
2
Let i(a) = -a**3 + 12*a**2 + 13*a + 2. Let d be i(13). Calculate the highest common divisor of d and 3.
1
Let k be -3*((-1671)/9 - 2). Suppose 3*z + k = 5*m, 2*z + 541 = 4*m + 91. Calculate the greatest common factor of 16 and m.
16
Let v = -13 - -20. What is the greatest common divisor of v and 7?
7
Let w(b) = 15*b**2 + 5*b. Let o be w(-4). What is the highest common divisor of o and 20?
20
Let o = 108 + -93. Calculate the greatest common divisor of 60 and o.
15
Suppose -d = 4*d - 25. Calculate the highest common divisor of d and 55.
5
Suppose -22 + 70 = 4*c. Suppose 3*b - c = 0, 4*b = g - 0*b + 2. Suppose 0 = w + w - g. Calculate the greatest common factor of w and 49.
7
Let z = 179 - 98. Let l = -101 - -110. Calculate the highest common factor of z and l.
9
Let j = -8 - -10. Let n be (-118)/(-4) - (-3)/j. Calculate the greatest common divisor of 248 and n.
31
Let c be (-2)/(-7) - 10/(-14). Let g(o) = -66 + 19*o - 58 + 123. Let p be g(c). What is the greatest common divisor of 9 and p?
9
Let d = 4 + 0. Let a(l) = l + 4. Let u = 1 - 1. Let h be a(u). Calculate the highest common factor of d and h.
4
Let c(s) = 54*s - 2. Let h be c(-2). Let o be ((-3)/(-3) + -2)*h. Suppose -z - o = -6*z. What is the highest common factor of 11 and z?
11
Let g(r) = 8*r**2 + 5*r + 7. Let z be g(-1). Calculate the highest common divisor of z and 240.
10
Let y = 27 + -16. Let d be 2/(-7) - 711/(-63). Suppose f + d = w - 10, 5*w + 4*f = 114. Calculate the greatest common divisor of w and y.
11
Suppose -27 = -j + 21. Calculate the highest common divisor of 144 and j.
48
Let t(j) = -j**2 + 7*j + 6. Let z be t(6). Suppose 2*c = -3 + 1. Let u be (6/(-15))/(c/10). What is the greatest common factor of z and u?
4
Let u be 21/((3/(-14))/(-1)). Suppose z + 28 = 3*z. Calculate the greatest common factor of z and u.
14
Let i be 13 - 9/(36/(-8)). Calculate the greatest common divisor of 135 and i.
15
Suppose 19 + 62 = 3*n. Suppose -159 = -4*h - 7. Suppose -h = -4*o - 2. What is the highest common divisor of o and n?
9
Let d = -5 - -8. Suppose -40 = d*c - 148. Suppose 5*u = 2*u + c. What is the greatest common factor of u and 84?
12
Let a(d) = -d**3 - 10*d**2 - 8*d + 11. Let j be a(-9). Suppose 4*h - j*p - 58 = 0, 2*h - 3*p - 27 = -0*p. What is the highest common divisor of 45 and h?
15
Let q = 7 + -5. Suppose -l - 4*n + 10 = 0, q*l = -n - 2*n + 15. What is the greatest common divisor of 2 and l?
2
Let x(a) = 3*a**3 - a. Let f be x(1). Suppose -166 = -3*m - f*p + 154, m = 3*p + 92. What is the highest common factor of 13 and m?
13
Let j = -28 + 8. Let d be 100/(-6)*48/j. What is the highest common factor of d and 16?
8
Let g = 151 - 135. Calculate the highest common divisor of g and 32.
16
Let h be (-3)/(-2) + 3/6. Let b be h/(-9) - (-329)/63. Calculate the greatest common divisor of b and 10.
5
Let u(c) = -2*c**3 - 16*c**2 - 4*c - 12. Let n be u(-8). What is the highest common factor of n and 220?
20
Let n be (-6)/(-3) + 0 + 16. What is the highest common factor of n and 27?
9
Let n(f) = -f**2 - 4*f + 2. Let v be n(-4). Let l be (v/(-6))/((-7)/357). What is the greatest common divisor of l and 17?
17
Let b(k) = -k**2 + 6*k - 2. Let p be b(4). Suppose 2*i + 7*r - 5*r - p = 0, -i + 5*r + 3 = 0. What is the greatest common factor of 6 and i?
3
Let a(z) = z + 14. Let l be a(-5). Calculate the highest common factor of 9 and l.
9
Let h be (-11)/(-1 - 6/(-7)). Calculate the greatest common divisor of h and 7.
7
Let r(n) = n - 16. Let u be r(0). Let s = u - -8. Let m be (-6)/(-4) + 4/s. What is the highest common factor of 5 and m?
1
Let r = -1 + -3. Let c be (r/(-10))/(4/20). Let z be (1/3)/(c/18). What is the greatest common divisor of z and 3?
3
Suppose 5*j = -z + 6, -j = -z - 0*j + 6. What is the greatest c